**3 - 35*x**2 - 7*x + 281. What is the remainder when 372 is divided by d(35)?
12
Suppose -18*x = -46*x + 280. Suppose 100 = 30*n - x*n. Calculate the remainder when 21 is divided by n.
1
Calculate the remainder when (-3)/(1/(-367)*(-2 - -5)) is divided by 73.
2
What is the remainder when 826 is divided by -1 + 18/15 + 72787/715?
10
Let q be ((-2)/(-6))/(33/198). Suppose 13 + 7 = q*d. Calculate the remainder when 34 is divided by d.
4
What is the remainder when -11*(-3 + 3/(-1)) is divided by (-232)/(-10) - (3 + (-76)/20)?
18
Suppose -7*m + 3*m + 554 = 2*c, -4*m + 3*c = -549. Calculate the remainder when m is divided by 56.
26
Suppose 0 = 3*d - 22*v + 18*v - 8, v = 4*d - 15. Calculate the remainder when 199 is divided by -1*138/(-24)*(d + 0).
15
Suppose 5*f + 524 = 4*t, -4*t + 897 - 405 = 3*f. What is the remainder when 126 is divided by t?
0
Let z = 16 + -40. Let d = z - -29. Suppose d*q = -8*q + 702. What is the remainder when 213 is divided by q?
51
Let k(j) = -j**3 + 9*j**2 - 7*j. Let l be k(6). Let p = -61 + l. Suppose 42 = p*r - 3*r. What is the remainder when 59 is divided by r?
17
Let n(m) = -m + 3. Let i(v) = v**3 + 8*v**2 - v. Let l be i(-8). Suppose -35 = l*d - 3*d. Calculate the remainder when 57 is divided by n(d).
7
Let t(c) = -c**3 - 59*c**2 + 64*c + 264. Calculate the remainder when 51 is divided by t(-60).
3
Let z(c) = -c**2 + 17*c + 17. Let m be ((-45)/585)/(2/(-26)). What is the remainder when z(15) is divided by (-3*(-85)/15)/m?
13
Let a(c) = -143*c - 175. What is the remainder when a(-5) is divided by 21?
15
Let s = -9 - -30. Suppose s = -2*g + 57. Suppose 4*t + 3*m = 112 + 448, -5*m = 20. Calculate the remainder when t is divided by g.
17
Suppose -4*s + 9 - 215 = -2*t, 0 = 3*t + 4*s - 239. What is the remainder when t is divided by 40?
9
Let p = 1192 - 1178. Calculate the remainder when 1019 is divided by p.
11
Let l = 222 - 176. Let n(v) = 30*v**2 - 4*v + 15. What is the remainder when n(3) is divided by l?
43
Suppose -n + 5*b + 235 + 84 = 0, -298 = -n - 2*b. What is the remainder when n is divided by 39?
31
Suppose 405*f + 449*f = 918*f - 33856. Calculate the remainder when f is divided by 2/11 - (-1743)/33.
52
Let q = 87 - 48. Let s be (-9)/(18/(-10)) + 1. Let t(r) = 19*r - 37. Calculate the remainder when t(s) is divided by q.
38
Let h(g) = -872*g - 852*g + 1612*g + 32. Let w(k) = -k**3 + 9*k**2 - 2*k + 2. What is the remainder when w(5) is divided by h(0)?
28
Let q(w) = -60*w + 401. Let y be q(6). Suppose -y*z - 270 = -51*z. What is the remainder when 38 is divided by z?
11
Suppose 0 = -3*f - 3*w + 312 + 21, 3*w - 15 = 0. Calculate the remainder when f is divided by 24.
10
Let p = 46764 - 46704. What is the remainder when 1139 is divided by p?
59
Let o = -29 - -29. Let f be -5 + 1 + (0 - (o - 155)). Suppose -4*g + 60 + 235 = -3*p, -f = -2*g + 5*p. Calculate the remainder when g is divided by 15.
13
Let j = -65 + 110. Let i = 46 - j. Suppose -c = -5 + i. Calculate the remainder when c is divided by 1.
0
Suppose 3*f - 2*a - 75 = 0, 5*a - 38 - 4 = -f. Suppose 1 = -c + 4*m, 77 = -24*c + f*c + 4*m. Calculate the remainder when 132 is divided by c.
18
Let k be (-1)/(-6) - 5/((-60)/(-3026)). Let p = k + 298. Calculate the remainder when p is divided by 3.
1
Let z(i) = 95*i - 24. Suppose -23*c = -18*c - 5. What is the remainder when 350 is divided by z(c)?
66
Suppose -41*q = -109967 - 75476. What is the remainder when q is divided by 58?
57
Let i(c) be the second derivative of -c**4/6 - 4*c**3 + 19*c**2 + 33*c - 1. What is the remainder when 93 is divided by i(-13)?
9
Suppose 109*r - 1044 = 105*r. What is the remainder when r is divided by 106?
49
Suppose -g + 588 = 5*d, 4*g = -4*d + 2*g + 468. Suppose 2*z - 4*m - 9 - 53 = 0, 2*m = 2. Calculate the remainder when 59 is divided by (d/6 - 22/z) + 1.
19
Let w be (220 + -40)*1/((-3)/(-10)). Let v = 808 - w. Calculate the remainder when v is divided by 105.
103
Let d = -10 + 9. Let s be (-12)/(d + 4) + 22. Let n = s - -34. What is the remainder when n is divided by 18?
16
Let q(j) = -8*j**3 - 5*j**2 - j + 3. Suppose -9*g = -7 - 74. What is the remainder when q(-3) is divided by g/(-15) + 0 + 456/10?
42
Suppose -2*j - 3*j + 298 = -37. Calculate the remainder when 3950 is divided by j.
64
What is the remainder when 350 is divided by 0 + 1 - (-69 + 18)?
38
Let a(v) = -v**3 - 10*v**2 - 27*v - 31. What is the remainder when a(-8) is divided by 54?
3
Let t = 10 + 0. Suppose -3*i - 2*i - t = 0. What is the remainder when 43 is divided by (i + -40 + (-2)/1)/(-2)?
21
Suppose -10 = 5*u, k = -14*u + 11*u + 9. Calculate the remainder when 199 is divided by k.
4
Calculate the remainder when (-77805)/(-494)*(-4)/(-6) is divided by 17.
3
Suppose -3*i + 5148 = -14*i. Let l = 475 + i. Calculate the remainder when 48 is divided by l.
6
Let c(g) = 4*g + 2. Let r(w) = -w**3 - 9*w**2 - w - 7. Let d be r(-9). Suppose 10*h = 11*h - d. Calculate the remainder when 39 is divided by c(h).
9
Suppose -4*q = c + 31 - 12, 4*q + 32 = 0. What is the remainder when (-5)/(-1 - 16/(-18)) is divided by c?
6
Let u(d) = 2*d**3 + 46*d**2 - 3*d - 6. Suppose 0*s = -2*s + 34. What is the remainder when u(-23) is divided by s?
12
Suppose 0 = 24*g - 11 - 37. Suppose 177 + 437 = g*x. Calculate the remainder when x is divided by 14.
13
Suppose 0 = -184*k - 4523 + 11147. What is the remainder when 140 is divided by k?
32
Suppose -15*o + 8411 = 2861. Let y = o - 166. What is the remainder when y is divided by 70?
64
Suppose -45*u + 52292 = -11*u. What is the remainder when u is divided by 171?
170
Let y(p) = -p + 8. Suppose -12 = -r - r. Suppose -24*l = 3*x - 26*l - 8, x + 2*l = 0. Calculate the remainder when x is divided by y(r).
0
Suppose 42*k - 414 - 594 = 0. What is the remainder when 274 is divided by k?
10
Let c = -54 + 75. Suppose 4*p - c = -5*n, 0*n + 2*n - 8 = -2*p. Suppose 3*z + n - 32 = 0. Calculate the remainder when z is divided by 4.
1
Suppose -9 = 3*k, -4*p - 12*k = -13*k - 907. Suppose -3*u + 164 + p = 0. What is the remainder when u is divided by 27?
22
Suppose -204*a + 379*a - 206*a = -403. Calculate the remainder when 25817 is divided by a.
12
Let d(v) = 3*v**2 - 70*v - 23. Let i be d(25). Calculate the remainder when (i/(-4))/((-24)/32) is divided by 2.
0
Suppose t - 20 = -0*t. Let j be 305/t + (-3)/12. Suppose 9 + j = 3*c. Calculate the remainder when 11 is divided by c.
3
Calculate the remainder when 321 - 0/3 - (0 + 10) is divided by 120.
71
Suppose 333 = 5*b + 4*c, 2*b - 192 = -b - 5*c. What is the remainder when b is divided by -1 + (-1048)/(-40) - 4/(-5)?
17
Let d(z) = -12 - 16 + 31 - 10*z. Calculate the remainder when d(-4) is divided by 24.
19
Let a(c) = -7*c**3 + 10*c**2 + 18*c - 19. What is the remainder when a(-4) is divided by 80?
37
Suppose -5*o + 833 = -812. Suppose -79 = 9*i - 277. Calculate the remainder when o is divided by i.
21
Let l(g) = 9*g + 2. Suppose t = 4*t - 12. Suppose -t*h = 1 + 3, 5*w - 381 = -4*h. What is the remainder when w is divided by l(2)?
17
What is the remainder when (-2 + -4*103)*(-5)/(75/10) is divided by 108?
60
Let l(x) = x + 24. Let h be l(-15). Let r = h - 6. Let k = r + 16. What is the remainder when 69 is divided by k?
12
Calculate the remainder when (0 + 3 + 1)/(4/236) is divided by 57.
8
Suppose -15*x - 29 + 149 = 0. Suppose 5*r = -10, -r - 256 = x*a - 10*a. Calculate the remainder when a is divided by 34.
25
Suppose 143 = 2*k + 3*j, 278 = 4*k + 160*j - 162*j. What is the remainder when k is divided by 62?
8
Suppose -10*m + 532 = 18*m. Let z(y) = -60*y - 394. Calculate the remainder when z(-7) is divided by m.
7
Let n be (-1)/3 - (-1648)/3. Let s be (-17 + 19)/((-2)/(-8)). Suppose -s*f = f - n. Calculate the remainder when f is divided by 8.
5
Let c(d) = 3*d**2 + 91*d - 146. Let p = 49 - 19. Calculate the remainder when p is divided by c(-32).
2
Let i = 39 - 22. Let d = 8725 - 7706. What is the remainder when d is divided by i?
16
Let d = 393 - 383. Suppose -c = 5*z - 15, 0 = -3*c - 3*z - d + 43. Calculate the remainder when 18 + (1 - (0 - 0)) is divided by c.
9
Suppose 0 = -15*v - 77 + 362. Suppose -v*r + 4653 = 14*r. Calculate the remainder when r is divided by 388/16 + 2/(-8).
21
Let k = 2582 - 2551. Calculate the remainder when 294 is divided by k.
1